87.
20
Calculate the remainder when 693553 is divided by 231172.
37
Calculate the remainder when 19656 is divided by 4909.
20
What is the remainder when 1219110 is divided by 245?
235
What is the remainder when 6934 is divided by 1121?
208
What is the remainder when 43835 is divided by 32?
27
What is the remainder when 11160 is divided by 577?
197
What is the remainder when 227959 is divided by 133?
130
Calculate the remainder when 5176 is divided by 221.
93
What is the remainder when 16382 is divided by 3998?
390
What is the remainder when 50230 is divided by 6277?
14
Calculate the remainder when 5568 is divided by 654.
336
Calculate the remainder when 6679768 is divided by 551.
546
Calculate the remainder when 205323 is divided by 374.
371
Calculate the remainder when 6427 is divided by 222.
211
What is the remainder when 12784 is divided by 800?
784
Calculate the remainder when 389737 is divided by 48715.
17
What is the remainder when 526 is divided by 116?
62
Calculate the remainder when 116945 is divided by 801.
800
Calculate the remainder when 3752 is divided by 748.
12
Calculate the remainder when 715 is divided by 516.
199
Calculate the remainder when 459164 is divided by 57395.
4
Calculate the remainder when 3061 is divided by 1438.
185
What is the remainder when 23520 is divided by 65?
55
Calculate the remainder when 1008898 is divided by 295.
293
Calculate the remainder when 83211 is divided by 71.
70
Calculate the remainder when 10648 is divided by 301.
113
Calculate the remainder when 22420 is divided by 111.
109
What is the remainder when 2334 is divided by 374?
90
What is the remainder when 37377 is divided by 105?
102
What is the remainder when 34213 is divided by 139?
19
What is the remainder when 28839 is divided by 31?
9
Calculate the remainder when 8298 is divided by 179.
64
Calculate the remainder when 27781 is divided by 49.
47
Calculate the remainder when 147970 is divided by 3.
1
What is the remainder when 583 is divided by 52?
11
What is the remainder when 9689 is divided by 12?
5
Calculate the remainder when 9806 is divided by 8.
6
What is the remainder when 164366 is divided by 9?
8
Calculate the remainder when 57680 is divided by 228.
224
Calculate the remainder when 14086 is divided by 306.
10
Calculate the remainder when 19967 is divided by 185.
172
Calculate the remainder when 15650 is divided by 3123.
35
What is the remainder when 73465 is divided by 329?
98
Calculate the remainder when 2177278 is divided by 567.
565
Calculate the remainder when 284 is divided by 142.
0
What is the remainder when 1513 is divided by 79?
12
What is the remainder when 114792 is divided by 5465?
27
Calculate the remainder when 1915303 is divided by 1479.
1477
Calculate the remainder when 336579 is divided by 22438.
9
Calculate the remainder when 1887 is divided by 85.
17
Calculate the remainder when 142152 is divided by 34.
32
Calculate the remainder when 30352 is divided by 1840.
912
What is the remainder when 52827 is divided by 77?
5
Calculate the remainder when 197217 is divided by 4.
1
Calculate the remainder when 13991 is divided by 12.
11
What is the remainder when 19969 is divided by 225?
169
Calculate the remainder when 4423 is divided by 192.
7
Calculate the remainder when 54000 is divided by 47.
44
Calculate the remainder when 3140 is divided by 3078.
62
Calculate the remainder when 35637 is divided by 81.
78
Calculate the remainder when 3826 is divided by 3810.
16
Calculate the remainder when 6267 is divided by 147.
93
What is the remainder when 408462 is divided by 260?
2
What is the remainder when 26936 is divided by 850?
586
Calculate the remainder when 383748 is divided by 233.
230
What is the remainder when 12704 is divided by 133?
69
What is the remainder when 117207 is divided by 32?
23
What is the remainder when 14383 is divided by 35?
33
What is the remainder when 376 is divided by 94?
0
Calculate the remainder when 3896 is divided by 85.
71
What is the remainder when 258 is divided by 16?
2
Calculate the remainder when 49360 is divided by 1413.
1318
Calculate the remainder when 106282 is divided by 26567.
14
Calculate the remainder when 4523 is divided by 585.
428
What is the remainder when 273842 is divided by 446?
444
What is the remainder when 42849 is divided by 60?
9
Calculate the remainder when 37502 is divided by 3744.
62
What is the remainder when 4841 is divided by 5?
1
What is the remainder when 4163 is divided by 12?
11
What is the remainder when 144221 is divided by 606?
599
Calculate the remainder when 54619 is divided by 1196.
799
Calculate the remainder when 14584 is divided by 81.
4
What is the remainder when 362 is divided by 116?
14
Calculate the remainder when 4096 is divided by 13.
1
Calculate the remainder when 105053 is divided by 101.
13
Calculate the remainder when 492419 is divided by 34.
31
What is the remainder when 18575 is divided by 151?
2
What is the remainder when 1307 is divided by 1260?
47
What is the remainder when 57622 is divided by 57?
52
What is the remainder when 145637 is divided by 101?
96
What is the remainder when 40085 is divided by 62?
33
Calculate the remainder when 17729 is divided by 9.
8
Calculate the remainder when 5208 is divided by 743.
7
Calculate the remainder when 13682 is divided by 3205.
862
What is the remainder when 168598 is divided by 493?
485
Calculate the remainder when 27406 is divided by 77.
71
Calculate the remainder when 78820 is divided by 2463.
4
What is the remainder when 5630 is divided by 1865?
35
Calculate the remainder when 6123 is divided by 2.
1
Calculate the remainder when 135338 is divided by 438.
434
What is the remainder when 44296 is divided by 214?
212
Calculate the remainder when 83622 is divided by 41804.
14
Calculate the remainder when 72416 is divided by 61.
9
Calculate the remainder when 12508 is divided by 12505.
3
What is the remainder when 266 is divided by 21?
14
Calculate the remainder when 7191 is divided by 1768.
119
Calculate the remainder when 12323 is divided by 23.
18
Calculate the remainder when 15419 is divided by 200.
19
Calculate the remainder when 236634 is divided by 27.
6
Calculate the remainder when 2238 is divided by 2203.
35
Calculate the remainder when 350032 is divided by 73.
70
What is the remainder when 110768 is divided by 18?
14
Calculate the remainder when 1537 is divided by 326.
233
What is the remainder when 180902 is divided by 37?
9
Calculate the remainder when 9610 is divided by 9603.
7
Calculate the remainder when 290 is divided by 76.
62
Calculate the remainder when 237 is divided by 57.
9
What is the remainder when 57005 is divided by 28498?
9
What is the remainder when 225734 is divided by 58?
56
Calculate the remainder when 5187 is divided by 1292.
19
What is the remainder when 7490 is divided by 581?
518
Calculate the remainder when 133421 is divided by 111.
110
What is the remainder when 73218 is divided by 339?
333
Calculate the remainder when 11199 is divided by 509.
1
What is the remainder when 7007 is divided by 2140?
587
What is the remainder when 447 is divided by 1?
0
What is the remainder when 22252 is divided by 289?
288
Calculate the remainder when 917925 is divided by 76.
73
What is the remainder when 60089 is divided by 20023?
20
What is the remainder when 20755 is divided by 20723?
32
Calculate the remainder when 5381 is divided by 52.
25
What is the remainder when 14470 is divided by 852?
838
What is the remainder when 27538 is divided by 13766?
6
Calculate the remainder when 45319 is divided by 22646.
27
Calculate the remainder when 83079 is divided by 183.
180
What is the remainder when 14825 is divided by 75?
50
Calculate the remainder when 11852 is divided by 3.
2
What is the remainder when 21966 is divided by 10?
6
What is the remainder when 987756 is divided by 987751?
5
What is the remainder when 7117 is divided by 355?
17
What is the remainder when 20930 is divided by 265?
260
Calculate the remainder when 192297 is divided by 22.
17
Calculate the remainder when 27007 is divided by 386.
373
Calculate the remainder when 218712 is divided by 58.
52
What is the remainder when 505655 is divided by 231?
227
What is the remainder when 100367 is divided by 81?
8
What